 = 4*f - 6186. Suppose -3*w + f = -5674. Is w prime?
False
Let r = -43 + 48. Suppose 4*i + 2*q - 44 = 0, 2*i - r*i - q = -31. Is (3/i)/((-1)/(-8115)) prime?
False
Let n be ((-60)/(-30))/(1*2). Suppose -4*g = 3*h + n, -2*g = -0*g - 4*h - 16. Is (2 - (g + -1)) + 978 prime?
False
Suppose 3*g = -c + 32174, -16*c + 160880 = -11*c + 5*g. Is c prime?
False
Let b be 70*5*1/10. Let z = b - -224. Suppose 2*w - z = w. Is w prime?
False
Suppose 32*j - 35*j + 12 = 0. Is (-138)/j*102/(-9) composite?
True
Let u(k) = k**3 + 8*k**2 - 10*k - 9. Let w be u(-9). Suppose -2*d - 1125 + 4795 = w. Is d a composite number?
True
Let f = -15254 + 22903. Let i = -3765 + 8691. Let n = f - i. Is n composite?
True
Suppose p = 9 + 12. Suppose 24*u = p*u. Is (u + 1)/(3/159) a composite number?
False
Let k(s) = 53166*s - 273. Is k(2) composite?
True
Let l(b) = 2*b**2 - 59*b + 471. Is l(32) a prime number?
True
Let u be (-28 - -3)*-7*(3 + 14). Suppose 4*w = 3965 + u. Is w a composite number?
True
Is 2/((-4)/5)*(-4)/10*16621 composite?
True
Suppose 0 = r - 5*z - 37956, 5*z - 23020 = -r + 14926. Is r composite?
False
Suppose -5*d - 2 = -12. Let t be 0 - (4 + 2 + -6). Suppose t = d*m, o - 223 = 5*m + 116. Is o prime?
False
Let g(h) = 125*h**2 + 9*h - 55. Is g(14) a prime number?
True
Suppose 23 = -9*f - 85. Let z(p) = -133*p + 53. Is z(f) composite?
True
Let m(f) = 3198*f**2 - 218*f + 1237. Is m(6) composite?
False
Let u = -925400 - -1395565. Is u a composite number?
True
Let u(g) = 226*g + 89977. Is u(0) a composite number?
False
Suppose 346*t - 1705580 = 326*t. Is t a prime number?
False
Suppose r + 4947 = 3*r + h, 4*h + 4952 = 2*r. Suppose r = -5*b + 6914. Suppose 0 = q - b + 101. Is q a composite number?
False
Let d(z) = -209926*z**3 + z**2 - 3*z - 3. Is d(-1) a composite number?
False
Let r = -4880 + 11599. Let b = r - -4122. Is b prime?
False
Let g(k) = -5163*k**3 + 17*k**2 + 17*k - 17. Is g(-6) a composite number?
False
Let i(c) = 2*c**3 - c**2 + 9*c + 16. Let k be i(13). Suppose -3887 = 5*o - 3*l - 14761, 4*l + k = 2*o. Is o prime?
False
Suppose 0 = -5135*k + 5120*k + 1211055. Is k composite?
False
Let a(h) = -384*h + 85. Suppose -3*s - 42 = 4*n, 0*n = 3*n. Is a(s) a prime number?
False
Suppose -3*l - 5*n = 33760, -4*l - 17888 - 27131 = n. Let k be 1 - (-3)/(-6) - l/10. Let d = 2295 - k. Is d prime?
False
Let b(p) be the second derivative of 9*p**5/20 + p**4/6 - 5*p**3/6 - p**2/2 + 1047*p. Let g be (6/2)/(3/4). Is b(g) composite?
False
Let v(o) = 5890*o**2 - 54*o - 281. Is v(-7) a prime number?
False
Let h(z) = 13 + 18 - 29 + 87*z. Let j be 20/(12/3) + -4. Is h(j) composite?
False
Suppose -231*f + 234*f - 114464 = -2*j, j = 2*f + 57253. Is j a composite number?
False
Let c(y) = -13*y**2 - 2*y - 2. Let x be c(-1). Let b be (x + -1)*-131*(-3)/(-3). Is (b + 1)/(0 + 1) composite?
True
Let f = 1847454 + -980225. Is f composite?
True
Let g = 55332 - 37697. Suppose 5*h - g = 2*a + 3*a, 3*h - 5*a - 10585 = 0. Suppose -h = m - 6*m + 2*q, -3*m - 4*q = -2089. Is m composite?
True
Let g = 759 + -750. Suppose -3*k + 3*h + 108 = 0, 33*h = 30*h - g. Is k a prime number?
False
Suppose 0 = 3*g - 3*x + 9, 14*g - 9 = 17*g - 2*x. Let s be (g - 1/1) + 518 + -1. Let k = s + -254. Is k a prime number?
False
Suppose -2*d - 31 = -5*r - 10, 3*r - 15 = 0. Is 122*-2*(9/(-4) - d) prime?
False
Let o = -11 + 9. Let t be (-12)/6*(-3 - o). Suppose 3*s - 5*l = 1031, 3*s - t*l - 1015 = -l. Is s prime?
True
Let g = -718 - -1569. Let a = g - -236. Is a prime?
True
Suppose 3*s - 5*b = 10, -20*b - 11 = -2*s - 21*b. Let n(z) = 4371*z - 293. Is n(s) prime?
False
Is 4 - (-15)/(-4) - (-33556707)/36 prime?
True
Let r = -2576 - -5276. Let s = r + 8583. Suppose 0 = 4*n - 7*n + s. Is n a composite number?
False
Let l be (16/2)/2 + 4/(-4). Suppose -4*c = -l*c - 2. Suppose -q + 2080 = 5*h, 0*h = -3*h + c*q + 1235. Is h prime?
False
Suppose -14484 = 80*a - 2296324. Is a a prime number?
False
Is ((-14)/21)/(-2*(-3)/(-4305519)) a prime number?
True
Let r(d) be the second derivative of 88*d**4/3 - 2*d**3/3 - 9*d**2/2 - 53*d. Is r(3) a prime number?
False
Suppose 0 = -8*g + 53*g - 1935135. Is g a composite number?
False
Let w(k) = 12*k - 43*k - 24 - 51*k + 1. Let s(z) = 84*z + 22. Let h(a) = 6*s(a) + 5*w(a). Is h(18) prime?
True
Let i(k) = 55*k**3 - 5*k + 3*k + 4*k**2 + 0*k + 12 + 4*k. Is i(5) a prime number?
True
Let s = 44 + -29. Let v(l) = 12 + 12 - 161*l - s. Is v(-4) a prime number?
True
Let i(w) = -2*w**2 + 15*w + 10. Let d be i(8). Let h(f) = 2*f + 9*f + 67 - 10*f - f**d. Is h(0) a composite number?
False
Is (48107574/(-36))/((-27)/18) a composite number?
False
Suppose -3*t = 3, 5*n - 682116 = 35*t - 34*t. Is n prime?
False
Let p = -24 - -27. Suppose 2*u + 105 = 3*i - 2*u, 0 = 2*i - p*u - 69. Suppose k = r + i, 4*k + r - 136 = -0*r. Is k a prime number?
False
Suppose -171*t + 23*t + 1940752 = 28*t. Is t prime?
True
Let f(i) = 35*i - 55. Let b(z) = 5*z - 8. Let d(j) = 20*b(j) - 3*f(j). Let t be d(3). Let k(q) = -q**3 - 7*q**2 + 8*q + 1. Is k(t) a composite number?
True
Let b(w) = 60*w**2 + 128*w + 454. Is b(-24) prime?
False
Let x(k) = -2*k - 2 + 18*k**2 + 21*k**2 - 6 - 3. Let r be -6 + 3 - (4 + -1). Is x(r) composite?
True
Let w = -51 - -40. Let m be (0 - 246)/((-11)/w). Is (m/(-3))/(6/39) a composite number?
True
Let c = 1099198 - 678741. Is c prime?
True
Suppose -5*p - 3*n = -197589, -2*p + 5*n = 44227 - 123275. Suppose -2*k = -5*d - 15826, -p = -5*k + 4*d - 3*d. Is k a prime number?
False
Let i(x) = 415*x**3 + 0*x + 5*x - 2 - 7*x**2 - 394*x**3. Is i(3) prime?
False
Let d = -103770 + 177901. Is d composite?
False
Is (-12)/(-3) + -1 - (-24896 - 30) a prime number?
False
Let c(j) = 11*j**2 - 3*j + 3. Let k(p) = p**2 + p. Let b(u) = -c(u) + 4*k(u). Let z be b(-7). Is (z/3)/((28/(-12))/7) composite?
True
Let g(q) = 3*q**3 + 2*q**2 - 4*q + 2. Let o be g(1). Suppose 0 = -2*r - o*a + 4*a + 14562, 2*a - 21829 = -3*r. Is r a composite number?
True
Let p be ((-264)/(-32))/11*(5 + -1). Is (-3 - p)*(-51470)/60 composite?
False
Let o(c) = 3*c**2 - 4*c - 15. Let t be o(12). Let p = -987 + 1775. Let i = p - t. Is i a composite number?
False
Let h = 72 - 69. Suppose -4*y = 2*a + h*a - 5646, 0 = a - y - 1122. Is a a composite number?
True
Suppose 7*n - 8*n - 1135046 = -3*n. Is n a prime number?
False
Let y(a) = -3*a**3 + a + 2. Let w be y(-1). Suppose -11 = 3*p - w*h, 3*p - 2*h + 3 = 4*p. Is 0 - p*(178 - 1) composite?
True
Suppose -23411 = -7*p + 22311 + 43857. Is p prime?
False
Let n = 667742 + -343075. Is n prime?
False
Let l(d) = 286317*d**2 + 55*d - 39. Is l(1) a composite number?
False
Let h = -84821 + 236694. Is h a prime number?
False
Suppose -2*j = -0*j + 4*z - 12, 0 = -4*j - 5*z + 27. Suppose -18*w = -14*w - j. Suppose w*h = 267 + 275. Is h prime?
True
Suppose 0*f = 2*f + 3*q - 92749, -3*f + 3*q = -139116. Is f prime?
False
Suppose 3*a + 15 + 9 = 0. Let k be 2/a*(-24 + 4) + -2. Is (-189)/(-1) + (-4 + k - -3) a prime number?
True
Let p = -120 - -185. Let t = p - 251. Let i = -115 - t. Is i composite?
False
Let u(r) = -3*r**2 + 36*r + 6. Let m be u(12). Is -4 + 26/m + (-6520)/(-6) a prime number?
True
Suppose -22 = t - 20. Let f be ((-10408)/(-12))/(t/(-3)). Suppose -5*p = 2*n - f + 239, -4*n - 5*p = -2104. Is n a prime number?
True
Let l(u) = -81*u - 167 - 9 + 48 + 6. Is l(-8) a prime number?
False
Suppose -15471 = 11*r - 2*r. Let a = r + 1162. Let m = a + 1800. Is m composite?
True
Suppose 308*r - 311*r + 32854 + 94625 = 0. Is r a prime number?
False
Let z be 15/(-2)*(-144)/20. Let i = 166 + z. Is (i - 1) + (15 - 19) a composite number?
True
Suppose 3*v - 359172 = -s, 5*s + 131741 = 3*v - 227413. Is v a prime number?
True
Let c(n) = 4 + 13 + 5*n + 0*n. Suppose 2*f = -3*v + 18, 3*v - 1 - 5 = 0. Is c(f) a prime number?
True
Suppose 2*q + 4*i = 2300, -q - 2*i + 2292 = q. Let x be 3/(-6)*-1621*2. Let f = x - q. Is f a composite number?
False
Let p be ((-24)/10)/(9/(-180)). Is 8/(p/21333)*2 composite?
True
Suppose -5*l - 23 = 3*f, 5*l + 3*f = 5*f - 43. Let s be (l + 168/16)/(2/(-232)). Is s/3*18/(-12) composite?
True
Let d(p) = -4067*p**3 + 16*p**2 - 10*p + 37. Is d(-6) prime?
False
Let p be (-1)/1 + -3 - (2 - 8). Suppose -10*l + p*l + 32 = 0. Is (l/16)/((-6)/(-6168)) prime?
True
Let s be -66*9/(-27)*142/4. Let a = s + 2076.